((-106)/(-4) - 3)?
2
Suppose -2*h - 4 = 22. Let l = h + 15. Suppose l*b = -2*p + 22, 3*p - 9 = 3*b - 0*b. What is the units digit of p?
7
Let g(t) = 807*t - 689. What is the units digit of g(5)?
6
Suppose m - 8*m = -21945. What is the tens digit of m?
3
What is the tens digit of 2/(-21)*-3 - 1881/(-7)?
6
Let s(v) = -111*v - 323. What is the units digit of s(-18)?
5
What is the hundreds digit of (-12)/(((-48)/920)/(8/5))?
3
Suppose 2*a - 12 = -2*y, 2*a + 3*a = 5*y. Suppose -59 = -o + 3*k + 51, 0 = 2*o - y*k - 220. What is the units digit of o?
0
Let o(t) = 4*t**2 + 4*t - 5 + 2 - t**3 + 0. Suppose 0 = -5*k + 15 + 5. What is the tens digit of o(k)?
1
Suppose 4*m - 4251 - 586 = -3*t, -t + m = -1610. What is the tens digit of t?
1
Let t = 49 + -24. What is the units digit of t?
5
Let h(m) = m**2 - 2*m - 2. Suppose 0 + 3 = -3*u. What is the units digit of h(u)?
1
Let g be ((-7)/21)/((-2)/18). Suppose g*m + 2 = 14. Suppose -m*o - 4*y + 11 = -13, o = y + 12. What is the units digit of o?
9
Suppose -p + 5057 = 3*l, -1709 = -l + p - 6*p. What is the hundreds digit of l?
6
Suppose 0 = 101*k - 120*k + 5035. What is the tens digit of k?
6
Suppose -176 = 5*z - 3356. What is the tens digit of z?
3
Let r be (-1 - 4)/(3 - 1)*-2. Suppose x - 4*x - r*v = 10, x + v = 0. What is the units digit of x?
5
Let l be 0 + -3 + (6 - -9). Suppose 5*a - 3 = l, a = q. What is the units digit of (0 - q)*(-32)/48?
2
Let r(k) = 2*k**2 - 5*k + 6. Suppose -5*o = 4*j - 15, -21 = -4*j + 2*o - o. What is the units digit of r(j)?
1
Suppose 14 = q + 2. Let m be 1/(15/q - 1). Suppose -m*y = -y - 18. What is the units digit of y?
6
Let h be (-4)/(-14) + 72/(-7). Let g(n) be the second derivative of n**4/12 + 3*n**3/2 - n**2/2 + 3*n. What is the units digit of g(h)?
9
Let a(g) = 36*g - 1. Let s be a(1). Suppose -u + s + 81 = 0. Suppose 5*z - z - u = 0. What is the units digit of z?
9
Let i(k) = -165*k - 73. What is the units digit of i(-4)?
7
Suppose 0 = 5*b - 2*b - 12. What is the units digit of (-17)/(b/6 - 1)?
1
Let a(y) be the second derivative of y**4/12 + 8*y**3/3 + 21*y**2/2 - 8*y. What is the tens digit of a(-19)?
7
Suppose w = 6*w + 5*j - 6235, -j - 3733 = -3*w. Suppose -7*r = -2*r - w. What is the hundreds digit of r?
2
What is the units digit of (46/161)/((-4)/(-143346)*3)?
3
What is the tens digit of 11/((-66)/(-684)) - -1?
1
Let q be (3/(-6))/((26/(-228))/(-13)). What is the hundreds digit of 6/(4 + 225/q)?
1
What is the thousands digit of (1/(-2))/(1/(-5747 - 15))?
2
Let k = -125 - -123. What is the units digit of ((-243)/45)/((-22)/10 - k)?
7
Suppose 2*c + 2*d = 976, 4*d + 860 = 2*c - 98. What is the tens digit of c?
8
Let b(l) = 52*l - 48. What is the hundreds digit of b(8)?
3
Let t be -2*((-2)/2)/(-2). Suppose 5*n - 100 = -3*f, -f = 9 - 14. Let x = n + t. What is the units digit of x?
6
Let z = -22 + 24. Suppose 4*y - 2*j - 6 = 0, -y = z*y - 3*j. Suppose 4 = y*d - 17. What is the units digit of d?
7
What is the tens digit of 16/(-40) - 1162/(-5)?
3
Let n(q) = q**3 + 11*q**2 + 17*q + 10. Let d be n(-8). Suppose -j - k = -25, -3*k + k = -2*j + d. What is the tens digit of j?
2
Suppose -3*t - 5355 = -4*i + 276, 2*i + 3*t - 2829 = 0. What is the tens digit of i?
1
Let o(y) = -1. Let k(p) = -7*p**2 + 10*p - 9. Let v(l) = -k(l) + 4*o(l). What is the hundreds digit of v(5)?
1
Suppose o - 12 = -2*o, 3*o + 68 = -5*h. What is the units digit of ((-3)/6 - 0)*h?
8
Let y = -73 - -44. Let r = y - -116. What is the units digit of r?
7
Suppose -4*v - 147 = -v. Let a = 74 + v. What is the tens digit of a?
2
Suppose 42959 + 12121 = 10*b. What is the units digit of b?
8
Let k(q) = -23*q + 5. Let j(t) = 46*t - 11. Let c(f) = -4*j(f) - 9*k(f). What is the units digit of c(2)?
5
Suppose 4*n - 4796 = -4*u, -4*u = -4*n + 1703 + 3109. Suppose 5*d + 4*f + 505 = -n, 2*d = -4*f - 680. What is the tens digit of (d/12)/(6/(-8))?
3
Let y = 11 + -12. Let v(w) = -4*w**3 - w**2 - 2*w - 1. Let x be v(y). What is the units digit of (x/(-12))/((-3)/144)?
6
Let h be (4/3)/(2/3). Suppose h = 3*g + f + 3, -2*f + 4 = 0. What is the tens digit of 11 + 15 - (-5 - g)?
3
Suppose 0 = 2*h - 15*h + 9425. What is the hundreds digit of h?
7
Let v = -68 - -100. Suppose 4*l - w - 13 = 3*l, -2*l = -5*w - v. What is the tens digit of l?
1
Suppose 0 = 135*l - 139*l + 1380. What is the units digit of l?
5
What is the hundreds digit of 316 + 216/81*(-3)/(-2)?
3
Let n = -19 + 21. Let b(l) = 2*l**3 - n + 3 + 0 + 3*l - 6*l**2. What is the tens digit of b(4)?
4
Suppose 4*x + 26 - 42 = 0. Suppose -x*v - 3 = 5. What is the units digit of ((-10)/15)/v*21?
7
Let u be (-2)/(-5) - (-84)/(-10). Let p(v) = 23*v**2 - v - 2. Let d be p(-1). Let x = d + u. What is the units digit of x?
4
Let k(a) = -5 + 5 - 13*a - 1 + 3*a**2 - 4*a**2. What is the units digit of k(-9)?
5
Suppose 158*m - 171*m + 16107 = 0. What is the units digit of m?
9
Let z be 18/15*5/(-2). Let b be (7 + -1)/z + 109. Let h = b + -75. What is the units digit of h?
2
Let a(k) = 3*k**2 + 33*k + 91. What is the units digit of a(-22)?
7
Suppose -4*c + n = -100, -104 = -4*c - 2*n + 4*n. Let h(f) = f**3 - f. Let k be h(0). Suppose k = -0*a + 2*a - c. What is the tens digit of a?
1
Let j(z) = 15*z - 59. Suppose 3*r + 0 = 3*g - 18, 2*g - 3*r = 7. What is the tens digit of j(g)?
0
Let k = 1908 - 1236. What is the tens digit of k/(-105)*10/(-4)?
1
Suppose -17*q = -4*q - 52. What is the units digit of q?
4
Suppose -162*q = -164*q + 550. What is the tens digit of q?
7
Let t(o) = 27*o - 36. What is the hundreds digit of t(9)?
2
Let n be 9 + 2 + -2 - 2. Let s(g) = -n*g + 0*g**2 + g**2 + 0*g**2 - 8. What is the units digit of s(10)?
2
Suppose 0 = 2*y + 15 - 1. What is the units digit of ((-20)/y)/(16/56)?
0
Suppose -26*j - 4520 = -61590. What is the units digit of j?
5
Suppose 5*q - 4*z - 384 = 2*q, -5*q + 3*z + 640 = 0. Let y = q + -45. What is the units digit of y?
3
Suppose 0 = -6*x + 32 + 40. Suppose i = -i + x. Let o(w) = w**3 - 5*w**2 - 4*w + 14. What is the tens digit of o(i)?
2
Let s(y) = y**2 + 2*y. Let c be s(4). Suppose 0 = -3*i - z - 21, -c = -3*i + 6*i + 2*z. What is the units digit of ((-2)/i)/(2/24)?
4
Suppose 0 = -b - q - 23, -2*b = 2*b - 5*q + 83. Let a be 4/b - 138/(-33). Suppose 42 = 3*s - 3*j, -a*s + 7*j + 57 = 2*j. What is the units digit of s?
3
Let o(d) be the second derivative of -d**5/5 - 5*d**4/12 - d**3/3 + 5*d**2/2 - 3*d. What is the tens digit of o(-3)?
7
What is the tens digit of 172548/81 + (-4)/90*5?
3
What is the tens digit of (-1)/4*44 + 838?
2
Let c be 0 + 7 + 7 + -14. Suppose 0*r - 2*p - 38 = -2*r, -43 = -2*r + 3*p. Suppose c = w - r - 15. What is the tens digit of w?
2
Let d(b) = 2*b**2 + 8*b - 284. What is the thousands digit of d(29)?
1
Let s(r) = -17*r - 1 + 8*r + 7*r + 11*r. What is the units digit of s(4)?
5
Let w(o) = -o**3 + 23*o**2 + 24*o + 27. Let f be 3/(-6) - (-2)/((-20)/(-245)). What is the units digit of w(f)?
7
Suppose -2*o + 4*i = -2, 0 = -5*o + 5*i - 4 + 14. Suppose -n + 5*z = 2*n - 3, o*n = -z + 21. What is the units digit of (-8)/n*21/(-2)?
4
Suppose -4*z + 4*b + 4940 = 0, -5*z + 10*b = 13*b - 6191. What is the hundreds digit of z?
2
Let j(y) = 3*y**2 - 12 + 5 - 4*y - 2*y**2 + 2*y. Let f = 10 - 5. What is the units digit of j(f)?
8
Let o = -34 + 34. Suppose o = 6*m - 5*m - 4. Suppose -m*v + 207 = 5*i, -2*v - 3*i - 56 = -3*v. What is the units digit of v?
3
Let v(x) = x**3 - 8*x**2 - 7*x + 23. What is the hundreds digit of v(10)?
1
Let m(a) be the second derivative of a**4/6 - 5*a**3/3 + 5*a**2 - a + 23. What is the units digit of m(7)?
8
Suppose k - 1 = 1, -k = -2*f + 4. Suppose -f*j + 11 = -1. What is the units digit of j?
4
Let c be 1 - (-3)/2*(-2)/(-3). Suppose -g - 24 = -2*u - 78, 0 = -c*u + 10. What is the units digit of g?
4
Suppose 1209 - 5274 = -5*n. What is the hundreds digit of n?
8
Let d = 49 - 54. Let u(i) be the third derivative of i**5/60 - i**4/12 - 7*i**3/6 + 3*i**2. What is the units digit of u(d)?
8
Let t = 2161 + -481. Suppose 2*n - t = -8*n. What is the tens digit of n?
6
Suppose 2*a - 8 = -34. Suppose -4*q - 2*q - 36 = 0. Let k = q - a. What is the units digit of k?
7
Let i(l) = l**2 - 18*l + 16*l + 14 + 5. What is the tens digit of i(7)?
5
Let a = 228 + -136. Let p be 28/42 + 71/(-3). Let c = p + a. What is t